1404. What is the hundreds digit of s?
4
Suppose 2*g = 4*g + 190. Let l = g + 80. What is the hundreds digit of ((-3)/(l/2))/((-17)/(-7650))?
1
Let t(s) = s**2 - 56*s - 10. Let o be t(28). Let u = o + 1466. What is the tens digit of u?
7
Suppose -4*d = 3*y + 17, -4*y - 4 = -4*d - 0. Suppose -4*r + 7 = -3*r. What is the units digit of -4 + (d - -5)*r?
7
Let a(y) = -y**2 - 7*y - 4. Let f be a(-5). Suppose 0*h + 0*h + f*h = 0. Suppose h*i = -2*i + 20. What is the units digit of i?
0
Let t be 13522/4 + ((-189)/14)/9. Suppose 0 = 2*a - 2*m + 1021 - t, -5*a + 5935 = 3*m. What is the tens digit of a?
8
What is the hundreds digit of 9 + 11 + 4 + 1561?
5
Let d = 135331 - 76767. What is the tens digit of d?
6
What is the thousands digit of (442/(-1105))/(1/(-7720))?
3
What is the ten thousands digit of (-2)/((-6)/108929) + ((-1120)/(-96))/(-7)?
3
Let q(d) = -5*d**3 - d**2 - 3*d + 4. Let l(n) = -5*n**3 - n**2 - 3*n + 4. Let t(p) = -5*l(p) + 6*q(p). What is the hundreds digit of t(-3)?
1
Suppose 0 = v + 4, 2*t = -t - 3*v + 342. Let h = -53 - t. Let j = -54 - h. What is the tens digit of j?
1
Let a(x) = x**3 + 6*x**2 + 1. Let c be a(-3). Suppose 5*v + c = -12. What is the tens digit of (-1 - (v + -1)) + 2?
1
Let x(s) = -1596*s - 62. Let j be x(-2). Let i = -2149 + j. What is the units digit of i?
1
What is the hundreds digit of ((-8)/((-224)/(-432)*9))/(4/(-56182))?
0
Suppose -2*r = 6, 13*t - 9*t - 5*r = 140407. What is the ten thousands digit of t?
3
Let i = 23166 + -1968. What is the thousands digit of i?
1
Suppose -226*b - 1469664 = -280*b. What is the tens digit of b?
1
Let q(m) = 5*m**2 + m - 1 - 4*m**2 + m**2 - m**2. Let b(s) = -4*s**2 - s - 6. Let r(k) = -b(k) - 5*q(k). What is the units digit of r(-5)?
6
Let b = 1780 - 309. Let l = -961 + b. What is the hundreds digit of l?
5
Let q be (-3 + 4)*4 - -4. Suppose -3*v + q = -4*x - 12, v + 5 = -x. Suppose v = -2*k + 8*k - 132. What is the tens digit of k?
2
Suppose -5*w = m - 46539, 0 = 3*m + 2*m + 30. What is the thousands digit of w?
9
Suppose -2*p = -5*j + 17852, -14266 = 29*j - 33*j - p. What is the hundreds digit of j?
5
Suppose -12*b = -346131 - 77649. What is the thousands digit of b?
5
Suppose 92 = -4*v - 4*g, g + 18 = 15. What is the units digit of v/(-35) + (-8468)/(-28)?
3
Let t be (17 + -5)*2/12. Suppose t*i + 6 = 2, 0 = 5*x - 3*i - 276. What is the units digit of x?
4
Let q = 10493 + -7046. What is the tens digit of q?
4
Let g = -693 - -4737. What is the thousands digit of g?
4
Suppose 2*s - 34142 = -84*s. What is the tens digit of s?
9
Let s be (1 + -4)*28/6. Let j(n) be the first derivative of 2*n**3/3 + 11*n**2/2 - 42*n - 1. What is the tens digit of j(s)?
9
Suppose -4*n + 47112 = -4*o, -3*n + 2*o = -32413 - 2917. What is the tens digit of n?
7
Suppose 4740772 = -120*o + 281*o - 761403. What is the tens digit of o?
7
Let u = 62405 - 36829. What is the ten thousands digit of u?
2
Let y(q) = -15*q - 9*q - 10 - 15 + 21*q. Let i be y(-8). What is the units digit of 2/(-2)*i + 34?
5
Let v(k) = -12*k + 109*k**3 + 102*k**3 + 8*k**2 - 204*k**3 + 7. What is the hundreds digit of v(4)?
5
Suppose -3*v - 4*r + 37067 = 0, -r = v - 5226 - 7128. What is the ten thousands digit of v?
1
Let q be (7 - 9)/(0 - 2). What is the hundreds digit of 459/q + 3 + 0?
4
Let q(w) = 222*w - 516. What is the hundreds digit of q(17)?
2
Let i be 24/(-42) - (-1797)/21. Suppose v - 1084 + i = 0. What is the units digit of v?
9
Suppose -5*h = m + 57, 5*h = -0*m - 4*m - 48. Let b be h/(-42) + (-1284)/(-14). Suppose 0 = l - 2, 3*v + 5*l - b = -34. What is the units digit of v?
6
Let s(a) = -a**2 - 8*a - 16. Let r be s(-4). Suppose -n - 3*k - k = -18, r = -n - 2*k + 10. What is the units digit of (-356)/(-3) + n/6?
9
Let r(t) = 3*t**3 - 29*t**2 - 2*t - 29. Let a be r(16). Suppose 17*c - 13*c - o - a = 0, o + 2401 = 2*c. What is the hundreds digit of c?
2
Suppose 2*p + 5*s = 15767, -2*p - s = -7631 - 8140. What is the thousands digit of p?
7
Suppose 8*a = 90 - 10. Suppose -6*p - 20 = a. What is the tens digit of (2/p)/(6 + 12516/(-2085))?
3
Let p(y) = 58*y**3 + 8*y**2 + 3*y - 11. Let v be p(2). Suppose -498*a = -v*a - 10640. What is the thousands digit of a?
1
Let g = -406 - -392. Let j = g - -638. What is the tens digit of j?
2
What is the hundreds digit of 1088/(-408)*((-394653)/2)/7?
1
Let c(s) = 4*s + 79. Let r be c(-19). Suppose 3*o + k - 393 = r*k, 9 = 3*k. What is the hundreds digit of o?
1
Suppose -3*w = -4*w - 4, -3*w = -8*b + 183356. What is the ten thousands digit of b?
2
Suppose -25*q + 37*q = -9828. What is the hundreds digit of 3 + ((-48)/(-14))/((-13)/q)?
2
Let d(w) = 51*w**2 + 15*w - 26. Suppose 6*i = -g + 2*i + 7, g = -3*i + 6. What is the units digit of d(g)?
8
Let n(l) = -86*l - 23. Let k(d) = -6. Let h(b) = -4*k(b) + n(b). Let m = 2 + -4. What is the hundreds digit of h(m)?
1
Let u(s) = 2*s**2 + 9*s - 9 + 31 + s**2. Let t = -332 - -327. What is the units digit of u(t)?
2
Suppose -2*v + 13*v - 92697 = -0*v. What is the tens digit of v?
2
Suppose 3*v + 27135 = 5*x, -16295 = -12*x + 9*x - v. What is the tens digit of x?
3
Let b(z) = -1541*z - 260. What is the hundreds digit of b(-16)?
3
Let q(f) = -222*f - 811. What is the units digit of q(-6)?
1
Let n(m) = 13 - 2*m**2 + 3*m**2 - 22*m + 32*m. Let g be n(-9). Suppose 0 = g*s - 168 - 16. What is the tens digit of s?
4
Suppose 2985*o = 2993*o - 28608. What is the tens digit of o?
7
Let d = -10935 - -27448. What is the ten thousands digit of d?
1
Let v = 32 - 35. Suppose -3*o - 4*s = -2*s - 184, -2*o + 125 = -s. What is the tens digit of 21/(-2)*o/v?
1
Suppose -8 = -2*l, 5*g + 0*g - 2904 = -l. Suppose -4*v = -8 - 4. Suppose 0 = -2*z + 5*j + 259, -g = -v*z - 2*z - j. What is the tens digit of z?
1
Let p(n) = n**3 + 47*n**2 - 142*n + 65. Let g be p(-47). Suppose -g - 269 = -6*o. What is the hundreds digit of o?
1
Suppose -c + 20 = -7. Suppose -8 = -c*v + 23*v. Suppose 3*a - h - 124 = a, -v*h + 57 = a. What is the units digit of a?
1
What is the units digit of (112 - -13)*(-262)/(-10)*(11 + -8)?
5
What is the thousands digit of (-527339)/(-11) + 3/(-165)*45/(-9)?
7
Suppose 2*k + 5*y + 118 = 0, 3*y - 6 + 18 = 0. Let m = k + 49. What is the tens digit of (-139 - m)*(1 - 2)?
3
What is the thousands digit of (-26)/(-39)*(-421410)/(-20)?
4
Let y(l) = -3*l**3 + 2*l**2 - 9*l + 2. Let k be y(2). What is the tens digit of (-11336)/k - (-4)/(-16)?
5
Let p(a) = 571*a**3 + 7*a**2 - 7*a + 1. Suppose 15*u + 50 = 65. What is the tens digit of p(u)?
7
Let l(v) = 9*v**3 - 5*v**2 - 14*v - 1. Let h(q) = -9*q**3 + 5*q**2 + 13*q + 1. Let t(g) = -3*h(g) - 2*l(g). What is the tens digit of t(6)?
9
Suppose -5*n - 29 = i, 4*n + 7*i - 9*i = -26. Let l(t) = -2*t**3 - 4*t**2 + 5. What is the hundreds digit of l(n)?
2
Let s be (-4)/(-1) + 8 + -9. Suppose -6*k = -s*k - 9. Suppose -2*i + 485 = k*i. What is the tens digit of i?
9
Suppose -8340 = -15*p - 0*p. Suppose 8*f = -36 + p. What is the units digit of f?
5
Suppose -7*t + 8112 + 27168 = 0. Suppose -f + 1793 = -2*o + 528, -4*f + t = 2*o. What is the units digit of f?
1
Let z = 48 + -45. Suppose -z*t - g - 6 = 0, 10 = 4*t - 5*g - 1. What is the hundreds digit of (6/24 + (-1394)/8)*t?
1
Suppose -21 = -5*y - n, -n = -y - 0*n + 3. Let d be 5/5 + 5 - y. Suppose 5*i = 2*h - 345 - 129, i + 482 = d*h. What is the hundreds digit of h?
2
Let h = -63 - -94. Let u = 34 - h. Suppose -u*p = -3*i - 2*i + 793, -2*i - 5*p = -311. What is the hundreds digit of i?
1
Suppose 0 = -4*g - 5*q + 2*q + 6472, 2*g + 5*q - 3236 = 0. Suppose -2*j + 673 = w, -4*j - 279 = -5*w - g. What is the tens digit of j?
3
Suppose 7*f - 37*f + 1998510 = 0. What is the tens digit of f?
1
Let y(b) = -3 + 0 - 2 - 13 + 4*b. Let l be y(11). Let x = l - 23. What is the units digit of x?
3
Let r = 61 - 58. Suppose 0 = 3*b + 4*c - 511, -339 = -5*b + 5*c + 466. Suppose -4*j + 431 = r*d - b, 0 = j + 3*d - 158. What is the hundreds digit of j?
1
Let n = 39 + -29. Suppose m + n = 55. Suppose 0 = -b + 2*z + 49 + m, -4*z + 4 = 0. What is the tens digit of b?
9
Suppose 0 = s + 1, -2*i + s + 15 = 4*s. What is the units digit of (i/(-27))/(4/36) + 32?
9
Suppose 4*g - 2*y - 33686 = 0, -5*g - 2*y + 21875 = -20255. What is the hundreds digit of g?
4
Let t = -66 + 106. Suppose 11*w = -t + 139. What is 